 = 8 + r. What is the tens digit of k?
2
Suppose 3*r - 2*t = 29, t - 4*t - 12 = -r. Suppose -2*q + 9 = -4*l + q, 3*q - 6 = 3*l. Let p = l + r. What is the units digit of p?
6
Suppose 5*o + 8 = 28. Suppose 3*q + 0*t - 9 = -3*t, t = -o*q + 9. What is the units digit of -5*(q + -3)*1?
5
Let s be (-330)/44*4/5. Let x be s/4*(-176)/(-6). What is the units digit of (4/(-8))/(2/x)?
1
Let z(g) = -g + 9. Let u(x) = x**2 + 3*x + 17. Let d(n) = -n**2 - 2*n - 8. Let k(y) = -5*d(y) - 3*u(y). Let w be k(0). What is the units digit of z(w)?
0
Suppose 2 - 12 = -5*i. Let p = 39 + -34. Suppose -v - 27 = -4*v + 3*j, i*j = -p*v + 52. What is the tens digit of v?
1
Suppose -157 = 3*i - 6*i - q, 0 = i - 5*q - 31. Let t = i - 19. Let k = t + -22. What is the tens digit of k?
1
Let z(s) = -s - s + 10 + s + 2*s. Let y be z(-6). Suppose -y*u + 4 + 0 = 0. What is the units digit of u?
1
Let o be (4/6)/((-17)/(-153)). What is the units digit of 86/o + 24/36?
5
Let v(h) = -h**2 - 4*h - 8. Suppose -4*l - 20 = 2*q, -l = 5*q + 7 - 2. Let s be v(l). Let a = 19 + s. What is the units digit of a?
6
Suppose -31*m + 11684 + 60329 = 0. What is the hundreds digit of m?
3
Suppose 2*z - 3*s = -2*s + 381, 0 = 3*z - 5*s - 575. What is the tens digit of z?
9
Suppose 8 = -2*l, 3*l + 4 = -2*s + 2*l. Suppose 3*u + 248 = o, 3*o + s*u = 2*u + 723. What is the hundreds digit of o?
2
Let j(r) = -7*r + 28. Let g(c) = -c**2 + 3*c + 22. Let z be g(7). What is the units digit of j(z)?
0
Let b = 2204 + -407. What is the units digit of b?
7
Suppose -38*v = -40*v + 918. What is the units digit of v?
9
Suppose 5*c = 5*s - 420, 0 = -2*s - 4*c - 0*c + 198. Let o be 1/(-4) + (-985)/(-20). Suppose o = 2*b - n + 9, 5*b + 3*n - s = 0. What is the units digit of b?
9
Suppose 5*w = -4*b + w + 580, 3*b = 5*w + 403. What is the units digit of b?
1
Suppose -g + 5*w = -9, -2*g + w + 11 = 2. Let p be 0 + 7/((-7)/(-4)). What is the units digit of 28 + 0*g/p?
8
Suppose 2496 = 56*g - 52*g. What is the units digit of g?
4
Let d = 2 + -20. Let y = -3 - d. Suppose 5*n - 25 = y. What is the units digit of n?
8
Let s(k) = 5*k**2 + 5*k + 3. Let g be s(8). What is the tens digit of g/7 + 17/119?
5
Let u(s) be the third derivative of 28/3*s**3 + 1/24*s**4 + 0*s + 2*s**2 + 0*s**5 + 0 - 1/120*s**6. What is the units digit of u(0)?
6
Let c(v) = -v**3 - 2*v**2 + 5*v + 5. Let u be c(-4). Suppose u = j + 3*d, -3*j + 0*d + 11 = d. Suppose 2*h - 112 = -j*h. What is the units digit of h?
8
Let k(q) = q**3 + 44*q**2 + 161*q + 13. What is the thousands digit of k(-36)?
4
Let t(w) = -w**3 - w**2 - 1. Let k(c) = c**3 - 16*c**2 + 11*c - 11. Let n(f) = k(f) + 2*t(f). What is the units digit of n(-19)?
9
Suppose 16*n + 21 = 15*n. Let a = n + 39. What is the tens digit of a?
1
Let c(p) = p**2 - 9*p + 16. Let y be c(7). Suppose -4*r - 52 = -4*h - 0*r, 0 = -2*r - y. What is the units digit of h?
2
Suppose 0 = 2*p - 0*h - h + 333, 0 = 5*p + 4*h + 865. What is the tens digit of (-2)/8 + p/(-4)?
4
Let n(v) = 5*v - 2. Let h be n(1). Let o(s) = s - 1. Let x be o(h). Suppose x*z - 5*d - 20 = z, -3*d = -6. What is the tens digit of z?
3
Suppose 0 = -17*m + 10590 - 2702. What is the units digit of m?
4
Suppose 160 = 4*r - 5*b, -4*r + 158 = 4*b - 2. Suppose -r = -10*v + 6*v. Suppose -4*o = v - 34. What is the units digit of o?
6
Suppose -147*q - 6802 = -166*q. What is the units digit of q?
8
Suppose -5*n - 2*c + 1303 = -0*c, -4*n = 5*c - 1039. Suppose -1 + 110 = 2*t - 3*p, -5*t - 4*p = -n. What is the tens digit of t?
5
Let u be -1*(-9)/(-2)*130/(-15). Let i(a) = -2*a - 2. Let m be i(-2). Suppose m*o - u = -o. What is the units digit of o?
3
Let d be 10/4 - (-3)/6. Suppose -65 = -3*b + 5*h + 125, -d*b + 194 = -4*h. Suppose 8*a - 3*a - b = 0. What is the tens digit of a?
1
Suppose -m + 7540 = 9*m. What is the units digit of m?
4
Let c = 66 + -36. Suppose -3*j = -4*u - 3 - 64, 2*j + c = -2*u. What is the tens digit of 1 - 0 - (1 + u)?
1
What is the units digit of -132*((-57)/(-2))/(-3)?
4
Suppose -15*z - 22*z = -31968. What is the tens digit of z?
6
Let v = 293 + 166. What is the units digit of v?
9
Let g(z) = 2*z**2 - 4*z + 150. What is the units digit of g(18)?
6
Suppose 2277 = q + 3*y - 158, 0 = q + y - 2425. What is the tens digit of q?
2
Let b(n) be the second derivative of -n**5/20 + 3*n**4/2 + 25*n**3/6 + 3*n**2/2 - 7*n. What is the units digit of b(19)?
7
Suppose -f - 4*f = -m + 18, 5*m - 6 = -3*f. Suppose -m*w = -p + 4*p - 108, p - 5*w = 66. What is the tens digit of p?
4
Suppose -95*n - 40960 = -111*n. What is the hundreds digit of n?
5
Suppose v + 4*h = -3*v + 12, -4*v = -3*h - 26. Let g(m) = m**3 + 5*m + 1. What is the tens digit of g(v)?
5
Let u(s) = -s**3 - 39*s**2 - 40*s - 66. What is the units digit of u(-38)?
0
Let h(p) = 1014*p + 154. What is the tens digit of h(4)?
1
Let z(q) = 20*q + 16 - 35 + 9*q + 2*q. What is the tens digit of z(2)?
4
Let u be 1 + 4 + -2 + 3. Suppose u*t + 18 = 1086. What is the hundreds digit of t?
1
Let z = -841 + 2033. What is the thousands digit of z?
1
Suppose 5*r + 12 = 5*i - 3, 3*r - 31 = -5*i. Let q = -3 - r. Let z = 16 + q. What is the tens digit of z?
1
Let g(k) = 6*k**2 + 19*k + 33. Let u(q) = 13*q**2 + 39*q + 67. Let w(s) = 7*g(s) - 3*u(s). What is the hundreds digit of w(-9)?
1
Let j(b) = -3*b**2 - 14*b - 33. Let y be j(-5). Let v = y - -50. What is the tens digit of v?
1
Let f = -435 - -689. What is the tens digit of f?
5
Let p = 7327 + -4925. What is the hundreds digit of p?
4
Let p(k) = 32*k**2 + 11*k + 10. What is the tens digit of p(-5)?
5
Suppose -483*r + 6504 = -475*r. What is the hundreds digit of r?
8
What is the tens digit of ((-116)/29)/((-163)/81 - -2)?
2
Let i(c) = -c**2 - 18*c - 14. Let k(u) = -u**2 - 17*u - 15. Let p(y) = 2*i(y) - 3*k(y). Let h be p(-14). Suppose 6*x - 90 = h*x. What is the tens digit of x?
3
Let r = 580 + 99. What is the units digit of r?
9
Let c(t) = -24*t**2 + 33*t**2 + 0*t - 1 + t. What is the units digit of c(-2)?
3
Let u(v) = -2*v + 33. Let j be u(15). Suppose -5 = 2*p + 3*w - 85, -w = j*p - 120. Let m = p - 32. What is the units digit of m?
8
What is the tens digit of 5 + (-102)/18 + (-257)/(-3)?
8
What is the units digit of -6 + (-30)/(-5) + 1266?
6
Let l = -98 - -104. Suppose 4*x - 205 = -l*m + 3*m, 4*m + x = 256. What is the units digit of m?
3
Let l(r) = 72*r - 44. What is the tens digit of l(7)?
6
Suppose 6*c - 31 = 131. Suppose 5*t - 243 = -3*j + j, 0 = -2*j - 3*t + 249. Suppose 5*f - n = j, -f - 2*n = -n - c. What is the tens digit of f?
2
Suppose -3*f + 10140 = -4*q, -3*q + 4*q = -3*f + 10125. What is the units digit of f?
6
Let p = 393 + -150. Suppose -2*d + p = d. Let j = -53 + d. What is the tens digit of j?
2
Let z(b) = -81*b**3 - b**2 - b + 1. Let f be z(1). Let m = -47 - f. What is the tens digit of (-5)/m + (-780)/(-21)?
3
Let q = 81 + -127. Suppose 0 = -0*x + 2*x - 144. Let z = x + q. What is the units digit of z?
6
Let w(s) = s**2 - s - 9. Let a be w(-4). Let m = a - 8. Suppose -5*u + 149 = m*t, 69 = 6*u - 3*u - 5*t. What is the units digit of u?
8
What is the thousands digit of 98/539 + 14815/11 - 4?
1
Let h(q) = q**3 + 28*q**2 - 13*q - 11. What is the tens digit of h(-28)?
5
Suppose 0 = -12*n + 4298 + 1126. What is the units digit of n?
2
Let s = -1022 + 1824. What is the tens digit of s?
0
Let h = 32 - -10. Suppose -4*n = 2*l - h, -2 = l - 2*n - 19. Let i = l - 1. What is the tens digit of i?
1
Let x(l) = l. Let y be x(-3). What is the units digit of 2*61 + 2 + y?
1
Let y = -54 + 16. Let s = -24 - y. What is the tens digit of s?
1
Let w be (-362)/(-3) - (-6)/(-9). Suppose -3*i + 4*i - 3*k = 53, -2*i + w = k. What is the tens digit of i?
5
Let n(g) = -g**2 + 12*g + 4. Let k be n(12). What is the units digit of 16/((-4 - -2) + k)?
8
Suppose -s + 3*i - 6*i + 1031 = 0, -3*s + 3083 = -i. Suppose 2*t - 6*t = -s. What is the tens digit of t?
5
Let d(x) = 29*x + 1. What is the tens digit of d(14)?
0
Let p = 4315 - 2352. What is the thousands digit of p?
1
Let l = 3672 + -2013. What is the hundreds digit of l?
6
Suppose 0 = -18*d - 35 + 215. What is the units digit of d?
0
Let w be (-6)/(6/(-4) + 3). Let o = w - 52. Let l = -40 - o. What is the units digit of l?
6
Let x be (4 + -4)/(1 - -1). Suppose k - 3*c = 15, x*c - c = 4*k - 8. Suppose -k*n + 1